g - 94. Let h = -74 - -70. Determine k(h).
10
Let j(a) be the third derivative of 0*a + 7 - 1/24*a**4 + 5*a**2 + 1/6*a**3. Give j(6).
-5
Let s(g) = -4*g**3 - g**2 + 3*g + 1. Let h(w) = -w**3 - 7*w**2 + 49*w + 53. Let k be h(5). Calculate s(k).
23
Let m(k) = -59*k - 13. Let n(u) = -13*u - 2. Let l(t) = m(t) - 5*n(t). Give l(1).
3
Let f(m) = -1 - 2*m - 270*m**3 + m + 9*m + 269*m**3. What is f(-4)?
31
Let f(k) = 2*k - 4. Suppose 3*a - 13 + 13 = 0. Suppose 5*o - 4*x = -27, 2*o - o + 5*x + 17 = a. Determine f(o).
-18
Let a(o) = 11*o - 2. Let j be ((-3)/(9 + 0))/(24/(156 + -12)). Calculate a(j).
-24
Let a(r) = -11*r**3 - 3*r**3 + 26 + 61*r - 9*r**3 - 2*r**3 + 26*r**3 - 33*r**2. Give a(31).
-5
Let d(k) = 6*k - 10. Let q be d(5). Let s(v) = v**2 - 17*v - 67. What is s(q)?
-7
Let x(r) = -7*r - 2. Let j(n) = n**2 + 13*n + 59. Let y be j(-11). Let b = y - 38. Determine x(b).
5
Suppose 37 + 13 + 132 = 7*k. Let v(o) = -o**3 + 28*o**2 - 51*o - 10. Determine v(k).
16
Let b(u) = u**2 - 4*u + 3. Let t(s) = 2*s - 28. Let o be t(12). Let g be -4 - (o + -4) - 3. Suppose 3*c - 5 = g. What is b(c)?
-1
Let w(d) = -7*d + 4. Suppose 2*i - 4 - 8 = 0. Let l(c) be the third derivative of c**4/3 - 5*c**3/6 - 18*c**2 - 2*c. Let k(x) = i*w(x) + 5*l(x). Give k(7).
-15
Let b(s) = -s + 40. Let y be b(20). Let t(w) = w**3 - 22*w**2 + 40*w + 7. Let f be t(y). Let i(j) = -j - 4. Determine i(f).
-11
Let f(u) = -u**2 - 1. Suppose 0 = 12*s - 11*s - 4. Suppose 3*r + 1 = s*r. Let v(b) = -5*b**2 - 3*b - 2. Let x(t) = r*v(t) - f(t). What is x(-2)?
-11
Let p(i) = i**3 + 15*i**2 + 26*i - 1. Let y be p(-13). Let n(o) = -o + 21. Let s(m) = 2. Let x(z) = y*n(z) + 3*s(z). What is x(8)?
-7
Let b(z) = z - 15. Let m = 279 - 264. Suppose 5*i - 12 = -3*t - 3, 0 = -5*i - m. Calculate b(t).
-7
Let i(j) = -20*j + 124. Let m(x) = -18*x + 90. Let n(t) = -2*i(t) + 3*m(t). Calculate n(1).
8
Let z be 13 + -18 + 5*-8*9/(-60). Let m(u) be the first derivative of -4*u**3/3 + u + 2. Let t(d) be the first derivative of m(d). Calculate t(z).
-8
Let g(h) = h**3 + 11*h**2 + 16*h - 13. Let b be g(-9). Suppose 0 = -b*u + m - 0*m + 21, -3*u - m + 19 = 0. Let n(y) = 3*y + 2. Determine n(u).
17
Suppose -30 = -d + 5*d + 2*y, 5*d = -3*y - 35. Let z(t) = t**3 + 9*t**2 - 10*t - 4. What is z(d)?
-4
Let s(w) be the second derivative of -w**5/20 + 2*w**4/3 - 2*w**3/3 - 4*w**2 - 5*w. Suppose -72*k + 272 - 127 = -359. Give s(k).
13
Let a(n) = 8*n**2 - 2*n. Let o(z) = 4*z**2 - z. Let f(v) = 2*a(v) - 5*o(v). Let j be ((-5355)/(-68))/(1 - 9/12). Let r = j + -317. Give f(r).
-18
Let j(v) be the third derivative of v**4/8 - 11*v**3/6 - 28*v**2 + 2. Let i(p) = -5*p + 11. Let d(b) = -2*i(b) - 3*j(b). Give d(-10).
1
Let r(t) = -t**3 + 6*t**2 + 57*t - 16. Let q be r(11). Let j(o) = -2*o**2 + 12*o + 5. Calculate j(q).
5
Let p(x) = -9*x**2 + 0*x**2 - 3 - 9*x - x**3 + 2*x**2. Let f(k) = -3*k**2 - 20*k - 17. Let n be f(-6). Let y be p(n). Let q(m) = m**2 + 6*m - 7. Give q(y).
9
Let i(l) = l - l**2 + 4 + 0 + 2*l. Let u be ((-76)/399)/((-6)/126). Calculate i(u).
0
Let u(p) = -p + 1. Let j(s) = 2*s**2 + 3*s - 26. Let g be j(-6). Suppose 0 = -3*l + 10*l - g. Give u(l).
-3
Suppose 41*q = 26*q - 75. Let y(g) = -g**2 + 27*g + 155. Let d be y(q). Let b(w) = w**3 + 5*w**2 - 1. What is b(d)?
-1
Let u(h) = -h**2 + 17*h - 8. Let a be u(16). Let s(v) = -3*v - a + 5 + 2*v. Let w = -279 + 284. Give s(w).
-8
Let m = 37 + -6. Suppose -q - 4*j = -12, -j - 7 = q - m. Let a = -19 + q. Let u(w) = w**2 - 10*w - 2. Determine u(a).
-11
Let l(z) be the second derivative of 7*z - 13/12*z**4 + 12 + 11/6*z**3 + 1/20*z**5 + 13/2*z**2. Calculate l(12).
1
Let a(p) = 2 + 3*p + p**2 + 4 + 3*p. Suppose 0 = 4*d - 100 + 84. Suppose -2*w - 4*y + 31 = -5*w, d*w = 4*y - 36. Give a(w).
1
Suppose 89 - 245 = -13*a. Let i(c) = 9 - 11 - 2*c + a. Calculate i(-7).
24
Let q(g) = g**2 + 18*g - 15. Let x(w) = w**3 - 12*w**2 + 5*w - 76. Let z be x(12). Give q(z).
-47
Suppose 6*g - g = 10. Let f(r) = -2*r**3 + 5*r**2 - 9*r + 5. Let s(a) = 2*a**3 - 6*a**2 + 11*a - 6. Let k(l) = 6*f(l) + 5*s(l). Calculate k(g).
-14
Let p(j) = 4*j**2 + 11*j + 6. Let y be 51/(-108) - (-2)/8 - 3950/1422. Calculate p(y).
9
Let k(j) = -j**2 - 2*j - 21. Let o = -10908 + 10908. What is k(o)?
-21
Suppose 0 = -0*s - 2*s - 16. Let z(n) be the second derivative of -n**5/20 - 7*n**4/12 + 3*n**3/2 + 6*n**2 + n + 9960. Give z(s).
4
Let q(b) be the second derivative of -4*b**3/3 - b**2/2 - 36*b. Let k(i) = -4*i**3 + 13 - 11*i**2 + 5*i**3 + 5*i**2 - 2*i. Let o be k(6). What is q(o)?
-9
Let o(w) = 3*w - 1. Suppose 11*j - 15 = -4. Suppose 13*c = 14*c - j. Calculate o(c).
2
Let q(k) = -2*k**3 + 4*k**3 - k**3 - k + 5 - 7*k**2. Let a be (1*(-2)/6)/((-1)/12). Suppose t - 3*j = 1, 2*j - 34 = -a*t - j. Give q(t).
-2
Let x = -28 - -44. Suppose 3*g + 4*f = 1, -5*g - f = -2*g - x. Let k(o) = -o**3 + 8*o**2 - 3*o + 4. Determine k(g).
32
Let p(z) = -z**2 + 2*z + 3. Let i(x) = x**2 - 4. Suppose -10*n = 314 - 344. Let w be i(n). Calculate p(w).
-12
Let j(q) = -q**2 - q + 1. Let m be 3/(-7) + (-9)/(-21). Let u be (-3 - -26)*(3 - 0) - m. Let h = u + -68. Determine j(h).
-1
Let r(i) = i**2 - 6*i - 18. Let x(k) = k**3 - 8*k**2 + 25*k - 29. Let q be x(4). Give r(q).
-11
Let j(g) = 101*g + 13 + 147*g + 120 - 265*g. Determine j(7).
14
Suppose -97 - 328 = 85*k. Let v(b) = 5*b**2 + 26*b + 8. Determine v(k).
3
Let p(t) = -4*t**3 - 3*t**2 - 3*t - 2. Let a be p(-1). Let s(x) = 249 - x + 0*x**a - 250 + x**2 + 29*x**3. Give s(-1).
-28
Let w(u) = -6*u**2 - u + 4. Let g(m) = 3*m**2 - 2*m - 13. Let i be g(13). Let d(t) = 467 - i + 3*t + 2*t**2 - 3*t. Let h(v) = -8*d(v) - 3*w(v). Determine h(-3).
5
Let b(g) = -13*g - 48. Let k(m) = -8*m - 31. Let z(d) = -5*b(d) + 8*k(d). Let v(l) = 2*l - 16. Let t(p) = 3*v(p) - 5*z(p). Determine t(11).
3
Let k(o) = -95*o + 2. Let g(p) = 47*p - 1. Let h(i) = -2*g(i) - k(i). Suppose -5*b - 5*x = 25, b + 19 = 4*x + 4. Let y = -13 - b. Determine h(y).
-6
Let s(p) = -p**2 - 2*p + 2. Let j = 13 + -15. Let a = -353 - -352. Let q be j - (a*1)/(10/(-40)). Determine s(q).
-22
Let x be (9/45)/(20/425) + 6/8. Let z(k) = 2*k**2 - 9*k - 8. Give z(x).
-3
Suppose 3*g = -170*a + 173*a, 5*a + 10 = 0. Let b(j) = -12*j - 29. Calculate b(g).
-5
Let n = 629 + -624. Let k(z) = -5*z - 6*z**2 + 1 - z**3 - 3*z**2 - 2 + n + z**2. Calculate k(-7).
-10
Let r(g) = -16*g**2 + 17*g + 68. Let b(u) = -9*u**2 + 8*u + 36. Let j(a) = -7*b(a) + 4*r(a). What is j(7)?
55
Let v(c) = c**2 - 8*c. Suppose -4*w + 32 = 2*b, -2*w + 4*b + 28 = 22. Give v(w).
-7
Let k(y) = -y**2 - 8*y. Let g(o) = 2*o**2 + 3*o - 4. Let a be g(1). Let s(q) = -9*q**3 + 2*q**2 - q. Let v be s(a). Calculate k(v).
0
Let b(k) = k + 14. Suppose 4*p + 14*p - 72 = 0. Suppose -8*q + 11*q = 4*y - 37, -p*q + 5*y = 49. Determine b(q).
3
Let t(d) = 4*d - 38. Suppose 488 - 20 = 39*g. Give t(g).
10
Let y be 20/15 + 2/3. Let v(j) = 13*j**3 - j**y + 4 - 3*j**3 - 3 - j. Let a be (-10)/(-4) + -1*12/8. Determine v(a).
9
Let r(s) = s**2 + 8*s + 7. Let p(i) = -2*i**2 + 2*i + 5. Let q be p(-2). Let v(c) = c**2 + 4*c - 3. Let m be v(q). Suppose -3*j + m = -6*j. What is r(j)?
-5
Let y be 2 - (18 - 6)/(-2). Let s(q) = q**3 - 9*q**2 + 8*q - 5. Let w be s(y). Let m(j) = -j**3 - 6*j**2 - 5*j - 5. Calculate m(w).
-5
Let n(a) = 2*a - 133*a**2 - 4 - 3 + 72*a**2 + 62*a**2. Calculate n(-4).
1
Let k(f) = 4247*f - 4243*f - 563 + 524. Give k(10).
1
Let x be (2 - -2 - 2) + 120. Let s = x + -37. Let r(d) = 84*d + 1 - 2 - 6 - s*d. Give r(-7).
0
Let q(i) = i**2 - 8*i + 14. Suppose -5*g + 30 = 3*y, -5*g + 9*y + 30 = 6*y. Calculate q(g).
2
Let a(f) = -7*f**2 + 10*f - 16. Let s(t) = -15*t**2 + 19*t - 31. Let o be 6*(66/18 - 4) - 11. Let k(p) = o*a(p) + 6*s(p). Determine k(14).
-6
Let m(n) = n + 2. Suppose -13*b = -42 - 387. Suppose 11*i - b = -0*i. Suppose -2*p = -i*h - 12, h + 5*p = -2 - 19. Determine m(h).
-4
Let c = 10701 - 10699. Let y(k) be the second derivative of 25*k + 0 + 4/3*k**3 + 3/2*k**c. Determine y(-2).
-13
Let n(i) be the second derivative of 1/12*i**4 + 1/6*i**3 - 3/2*i**5 + 18*i - 1/2*i**2 - 5. What is n(1)?
-29
Let k(y) = y + 16. Let l(w) = -2*w + 31. Let c(j) = 1. Let b(o) = 6*c(o) + l(o). Let p(u) be the first derivative of b(u). Let x(f) = k(f) + 5*p(f). Give x(-6).
0
Let u = 179 + -179. Let k be 12 + -12 